et w = 2 - r. Suppose 4*h - h = 42. What is the remainder when w is divided by h?
12
Suppose 6*i - 51 = 3*i. Suppose 4*t - t - 18 = 0. What is the remainder when i is divided by t?
5
Let k(l) = l**3 - l**2. Let h be k(1). Suppose -2*r + 27 + 59 = h. Calculate the remainder when r is divided by 15.
13
What is the remainder when 29 is divided by 22/2*(0 - -1)?
7
Suppose l = 4*h + 9, -4*h + 2 = 2*l + 8. Let z be ((-3)/h)/((-4)/(-288)). Let q = 162 - z. What is the remainder when q is divided by 14?
12
What is the remainder when -14*((-14)/4 - -1) is divided by 2/(-8) + 438/24?
17
Suppose -122 = -2*z - o, o = -2*z - 2*o + 114. Suppose j - q = -0*q + 32, 4*q = -2*j + 64. What is the remainder when z is divided by j?
31
Suppose -26 = -5*y - 126. Let l = 14 + -1. Calculate the remainder when (-4)/y - (-189)/5 is divided by l.
12
Let a(o) be the first derivative of -o**3/3 + o**2 - 2*o + 2. Let d be a(3). Let b(j) = j**2 + 5*j + 5. Calculate the remainder when b(d) is divided by 3.
2
Let n = 31 + 31. Calculate the remainder when n is divided by 16.
14
Let r = -54 + 74. What is the remainder when 35 is divided by r?
15
Let u(i) = -i**3 - 6*i**2 - 8*i - 9. What is the remainder when u(-7) is divided by 33?
30
Suppose 417 = 2*y + 157. What is the remainder when y is divided by 33?
31
Let p = 68 + -37. Calculate the remainder when 90 is divided by p.
28
Suppose -5*w + 55 = -10. What is the remainder when w is divided by 5?
3
Suppose 5*q - 56 = q - l, -5*l = -2*q + 28. Suppose 0 = n - 2*n + q. Calculate the remainder when n is divided by 8.
6
Suppose 157 + 19 = 2*f. Suppose -f = -3*t - t. What is the remainder when t is divided by 8?
6
Let q(j) = j - 6. Let l be q(8). Suppose 3*p - 28 = -2*m, m - 42 = -2*m + l*p. Calculate the remainder when 25 is divided by m.
11
Let h be ((-74)/4)/((-4)/8). Let x = h + -25. Calculate the remainder when 47 is divided by x.
11
Let r = 17 - 28. Let m = r + 25. Calculate the remainder when 41 is divided by m.
13
Suppose -12 = -q - q. What is the remainder when 17 is divided by q?
5
Let n = 4 + 0. Let a(y) = -7*y**3 - 5*y**2 + 6*y + 1. Let o(j) = -j**3 - j**2 + j. Let r(v) = a(v) - 5*o(v). What is the remainder when n is divided by r(-1)?
0
Let l(g) = -g - 7. Let o be l(-7). Calculate the remainder when 3/1 - (-16 + o) is divided by 4.
3
Let w(n) = 2*n**2 - 9*n + 8. Calculate the remainder when 123 is divided by w(7).
37
Let o(u) = u**3 - 4*u**2 - 6*u - 4. Let n be o(6). Suppose -n + 6 = -k. Calculate the remainder when k is divided by 9.
8
Suppose 0 = -2*a - 0*f - f + 16, 4*f = -4*a + 32. Suppose 4*u - 40 = -a. Calculate the remainder when u is divided by 3.
2
Let f(d) = 3*d**2 + 7*d + 7. What is the remainder when f(-5) is divided by 16?
15
Let t = -39 - -9. Let r = -17 - t. Suppose 2*y = 2*w - 5*w + 39, 0 = -w - 3*y + r. What is the remainder when w is divided by 5?
3
Let m = 4 - 4. Suppose -4*i - x + 22 = x, -2*x - 6 = m. Calculate the remainder when i is divided by 5.
2
Suppose 6*r + 12 = 7*r. Let v(g) = g**2 + 5*g - 1. Calculate the remainder when r is divided by v(-6).
2
Suppose 0 = 5*z + 4 - 74. Suppose -4*c = -2 - z. What is the remainder when 11 is divided by c?
3
Suppose -15 = 5*p, -u + 2 = -5*p - 16. Calculate the remainder when 6 is divided by u.
0
Let h(q) be the first derivative of 19*q - 1 + 1/2*q**2 - 1/3*q**3. What is the remainder when h(0) is divided by 10?
9
Suppose 2*o + o = 18. Suppose 60 = -k + o*k. Let j = k + 0. What is the remainder when 22 is divided by j?
10
Let q be (8 - 3) + -3 + 4. Let a = q - 10. Calculate the remainder when 56 is divided by 38/4*(-2 - a).
18
Suppose 2*q + 2*q + 24 = 0. What is the remainder when (q/5)/((-18)/660) is divided by 15?
14
Suppose -3*r - 26 + 107 = 0. Suppose 30 = -4*f + 7*f. What is the remainder when r is divided by f?
7
Suppose 6*b - 28 = 5*b. What is the remainder when b is divided by 10?
8
Let s = 169 - 151. Let a(t) = -t**3 + 6*t**2 - 3*t - 7. Let l be a(6). Let c = -15 - l. Calculate the remainder when s is divided by c.
8
Let q(z) = 3*z + 5. Let d(y) = -4*y - 4. Let p(v) = -5*d(v) - 6*q(v). What is the remainder when p(7) is divided by (-4)/(-10)*(0 - -5)?
0
Let h(d) = d**2 - 3*d - 5. Calculate the remainder when h(5) is divided by 2.
1
Let f = 19 + -11. Suppose 0 = -f*u + 10*u - 10. What is the remainder when 7 is divided by u?
2
Calculate the remainder when 17 is divided by (-1)/(-4) - 105/(-12).
8
Suppose -o = 2*f - 3, -1 = f + 4*o + 1. Suppose 3*v + f - 20 = 0. What is the remainder when 10 is divided by v?
4
Suppose -6 = 2*u, -2*u = -3*t + 21 + 204. Suppose -t = -n + 17. What is the remainder when n is divided by 23?
21
Suppose -13 = 2*q - 3*n, -27 = 2*q + q + 3*n. Suppose r = 3*b - 25, -r + 27 + 2 = 3*b. Calculate the remainder when (q - 2)*16/(-10) is divided by b.
7
What is the remainder when 17 is divided by 86/18 + 2/9?
2
Let t(i) = 2*i**2 + 14*i + 14. Calculate the remainder when t(-7) is divided by 6.
2
Let a be 34/(-4) - 1/(-2). Let q be (-699)/(-12) + (-6)/a. Suppose 0 = 4*d + 15 - q. What is the remainder when d is divided by 4?
3
Let s(n) = -n + 12. Suppose -2*w + 14 = -0*w. Let m = 11 - w. What is the remainder when s(5) is divided by m?
3
Let m = 90 - 37. What is the remainder when 315 is divided by m?
50
Let u be (-1)/(5/(-166))*5. Suppose c - x - 30 = 0, -2*c + u = 3*c - x. Let f = 72 - c. Calculate the remainder when f is divided by 13.
12
Suppose 3*y - 15 - 30 = 0. Let u be (y/5)/((-6)/16). Calculate the remainder when (u/5)/((-1)/5) is divided by 5.
3
Let f be 2 + (10 + 2)/(-3). Let y(g) = 2*g**2 - g + 2. Let b = 46 + -12. Calculate the remainder when b is divided by y(f).
10
Let h be (-4)/((-12)/27*3). Suppose l - 48 - h = 0. What is the remainder when l is divided by 13?
12
Let j(a) = 7*a + 8. Suppose -10 = 2*h + 22. What is the remainder when j(6) is divided by -2 + 0 + (-1 - h)?
11
Let l(z) = 5*z + 37. Suppose 4*g - 3*a - 133 = -0*g, 3*a - 37 = -g. What is the remainder when g is divided by l(-5)?
10
Suppose k = -4*k + 165. What is the remainder when k is divided by 9?
6
Suppose 6*s - 2*s - 8 = 0. Suppose 12 - 37 = -5*n. Calculate the remainder when n is divided by s.
1
Suppose 5*o + 5*m = 460, -4*o = 3*m + 172 - 538. What is the remainder when o is divided by 23?
21
Let i = -6 - -8. Suppose 4*u + 8 = 5*u - y, 4*u - 22 = i*y. Calculate the remainder when 7 is divided by u.
1
Suppose -2*o - 4*u + 30 = 0, -25 = -3*o + 2*u + 2*u. Let b = o + -3. Let a = 7 + -4. What is the remainder when b is divided by a?
2
Suppose -7 = -4*z + g - 2*g, -z - 4*g - 2 = 0. Calculate the remainder when 9 is divided by z.
1
Suppose -2*y + 5*b = -9, -y = 2*b + 2*b + 2. Let l = 35 - 17. Suppose 0 = -y*v - 4*q + l, 5*v = -2*q + 66 - 5. What is the remainder when v is divided by 5?
3
Let r(u) = -5*u - 1. What is the remainder when 53 is divided by r(-3)?
11
Let g(u) = u**3 - 4*u**2 + 3*u - 1. Let m be g(4). Let i = m - 8. Calculate the remainder when i is divided by ((-1)/(-3))/((-2)/(-12)).
1
Suppose 3*w + 1 = 7. Let z(p) = -2*p**2 - 6*p - 4. Let g be z(-4). What is the remainder when 2/(4/g + 1) is divided by w?
1
Let v = 8 - 6. Suppose 5*d + 51 = -v*c + 6*c, -c = -3*d - 11. What is the remainder when c is divided by 8?
6
Suppose k - 3*k = -10. Suppose 3*d = 2*g + 10, -k*d - 4*g = -62 + 16. What is the remainder when ((-2)/(-6))/((-4)/(-132)) is divided by d?
5
Suppose 2*i + 3 = 41. Let y = i - 6. Calculate the remainder when y is divided by (-13)/(-3) + 4/6.
3
Let k = -3 + 6. Suppose 17 + k = 2*r. Let d(j) = -5*j + 3. What is the remainder when d(-5) is divided by r?
8
Suppose 4*l = -4*x - 24, l + 4 = -5*x - 26. Let f(t) = 4*t**2 - 3*t + 1. Let q be f(2). Let v = q + x. What is the remainder when 13 is divided by v?
3
Let x = 67 + -131. Let i = x - -101. Suppose 3*a + 5*y = i, -3*a - a + 40 = 2*y. Calculate the remainder when 16 is divided by a.
7
Suppose -2*z - 4*n + 80 = 0, 9*z - 4*z - 3*n - 161 = 0. Calculate the remainder when z is divided by 13.
8
Let u = 8 - 6. Calculate the remainder when ((-23)/(-3 + u))/1 is divided by (-2)/7 - 116/(-14).
7
Suppose -110*k = -112*k + 78. What is the remainder when 74 is divided by k?
35
Suppose r + 39 = 127. Let v(d) = 20*d - 22. Calculate the remainder when r is divided by v(2).
16
Suppose 2*p = -2*k + 18, -